{"id":1766,"date":"2025-10-21T08:33:30","date_gmt":"2025-10-21T08:33:30","guid":{"rendered":"https:\/\/www.blaclinic.com\/?page_id=1766"},"modified":"2025-10-21T11:05:50","modified_gmt":"2025-10-21T11:05:50","slug":"aviso-legal","status":"publish","type":"page","link":"https:\/\/www.blaclinic.com\/index.php\/aviso-legal\/","title":{"rendered":"Aviso Legal"},"content":{"rendered":"<div class=\"fusion-fullwidth fullwidth-box fusion-builder-row-1 fusion-flex-container nonhundred-percent-fullwidth non-hundred-percent-height-scrolling\" style=\"--awb-border-radius-top-left:0px;--awb-border-radius-top-right:0px;--awb-border-radius-bottom-right:0px;--awb-border-radius-bottom-left:0px;--awb-flex-wrap:wrap;\" ><div class=\"fusion-builder-row fusion-row fusion-flex-align-items-flex-start fusion-flex-content-wrap\" style=\"max-width:1248px;margin-left: calc(-4% \/ 2 );margin-right: calc(-4% \/ 2 );\"><div class=\"fusion-layout-column fusion_builder_column fusion-builder-column-0 fusion_builder_column_1_1 1_1 fusion-flex-column\" style=\"--awb-bg-blend:overlay;--awb-bg-size:cover;--awb-width-large:100%;--awb-margin-top-large:0px;--awb-spacing-right-large:1.92%;--awb-margin-bottom-large:0px;--awb-spacing-left-large:1.92%;--awb-width-medium:100%;--awb-spacing-right-medium:1.92%;--awb-spacing-left-medium:1.92%;--awb-width-small:100%;--awb-spacing-right-small:1.92%;--awb-spacing-left-small:1.92%;\"><div class=\"fusion-column-wrapper fusion-flex-justify-content-flex-start fusion-content-layout-column\"><div class=\"fusion-text fusion-text-1\" style=\"--awb-font-size:14px;--awb-text-color:var(--awb-color2);\"><\/p>\n<p style=\"color: var(--awb-color2); font-size: 24px;\" data-fusion-font=\"true\">AVISO LEGAL<\/p>\n<p style=\"color: var(--awb-color2); font-size: 14px;\" data-fusion-font=\"true\">1.) IDENTIFICACI\u00d3N DEL PRESTADOR DE SERVICIOS:<\/p>\n<p style=\"color: var(--awb-color2); font-size: 14px;\" data-fusion-font=\"true\"><span style=\"font-weight: normal;\">1.1.) En cumplimiento con el deber de informaci\u00f3n general que, recogido en el art\u00edculo 10 de la Ley 34\/2002, de 11 de julio, de Servicios de la Sociedad de la Informaci\u00f3n y de Comercio Electr\u00f3nico, el Reglamento General de Protecci\u00f3n de Datos 2016\/679 y Ley Org\u00e1nica de Protecci\u00f3n de Datos Personales y Garant\u00eda de Derechos Digitales 3\/2018, deben ofrecer los prestadores de servicios de la sociedad de informaci\u00f3n, a continuaci\u00f3n se reflejan los siguientes datos:<\/span><\/p>\n<p style=\"color: var(--awb-color2); font-size: 14px;\" data-fusion-font=\"true\"><span style=\"font-weight: normal;\">La Entidad titular del website www.blaclinic.com es:<\/span><\/p>\n<p style=\"color: var(--awb-color2); font-size: 14px;\" data-fusion-font=\"true\"><span style=\"font-weight: normal;\">BlaClinic (Cristina Ruiz Alhama) C.I.F: 50625700-D Direcci\u00f3n: Avda. Escultora la Roldana, 5, local 11.41500.Alcal\u00e1 de Guada\u00edra.Sevilla.<\/span><\/p>\n<p style=\"color: var(--awb-color2); font-size: 14px;\" data-fusion-font=\"true\">2.) AVISO SOBRE LA POL\u00cdTICA DE PRIVACIDAD DE LOS DATOS:<\/p>\n<p style=\"color: var(--awb-color2); font-size: 14px;\" data-fusion-font=\"true\"><span style=\"font-weight: normal;\">A efectos de lo previsto en el Reglamento Europeo 2016\/679 y Ley Org\u00e1nica de Protecci\u00f3n de Datos Personales y Garant\u00eda de Derechos Digitales, informamos a los usuarios que los datos personales introducidos voluntariamente ser\u00e1n guardados en el Registro de Actividades de Tratamiento: Formularios de Contacto Web de la Empresa cuya finalidad es la de que BlaClinic (Cristina Ruiz Alhama) pueda ofrecerles los servicios que m\u00e1s se adecuen a sus necesidades y preferencias as\u00ed como responderles a las solicitudes recibidas.<\/span><\/p>\n<p style=\"color: var(--awb-color2); font-size: 14px;\" data-fusion-font=\"true\"><span style=\"font-weight: normal;\">BlaClinic (Cristina Ruiz Alhama) garantiza la seguridad y confidencialidad de los datos facilitados. De este modo, se compromete al cumplimiento de su obligaci\u00f3n de secreto de los datos de car\u00e1cter personal y de su deber de guardarlos y adoptar todas las medidas t\u00e9cnicas y organizativas necesarias para evitar su alteraci\u00f3n, p\u00e9rdida, tratamiento o uso no autorizado. Por lo tanto, toda la informaci\u00f3n que nos facilite no ser\u00e1 cedida a terceros salvo que en los casos que por obligaci\u00f3n legal as\u00ed haya que hacerlo o para la correcta prestaci\u00f3n de los servicios contratados.<\/span><\/p>\n<p style=\"color: var(--awb-color2); font-size: 14px;\" data-fusion-font=\"true\"><span style=\"font-weight: normal;\">Usted podr\u00e1 en todo momento ejercitar los derechos de acceso, rectificaci\u00f3n, cancelaci\u00f3n y portabilidad de sus datos, y la limitaci\u00f3n u oposici\u00f3n a su tratamiento, as\u00ed como retirar el consentimiento aceptado al tratamiento de sus datos comunic\u00e1ndolo por escrito a nuestra direcci\u00f3n de correo electr\u00f3nico hola@clinicaalhama.com, e incluso interponer reclamaci\u00f3n ante la Agencia Espa\u00f1ola de Protecci\u00f3n de Datos.<\/span><\/p>\n<p style=\"color: var(--awb-color2); font-size: 14px;\" data-fusion-font=\"true\"><span style=\"font-weight: normal;\">Delegado de Protecci\u00f3n de Datos:<\/span><\/p>\n<p style=\"color: var(--awb-color2); font-size: 14px;\" data-fusion-font=\"true\"><span style=\"font-weight: normal;\">Datasur Protecci\u00f3n de Datos S.L. Tlf.- 958 958 230 E-mail: dpd@data-sur.com.<\/span><\/p>\n<p style=\"color: var(--awb-color2); font-size: 14px;\" data-fusion-font=\"true\">3.) VARIOS:<\/p>\n<p style=\"color: var(--awb-color2); font-size: 14px;\" data-fusion-font=\"true\"><span style=\"font-weight: normal;\">A.- BlaClinic (Cristina Ruiz Alhama) utiliza cookies que se quedar\u00e1n almacenadas en el ordenador. El usuario podr\u00e1 la opci\u00f3n de aceptar, rechazar o configurar las cookies que se almacenan. Las cookies son peque\u00f1os archivos que nuestro ordenador env\u00eda al suyo, pero que no nos proporcionan informaci\u00f3n ni sobre su nombre, ni sobre cualquier dato de car\u00e1cter personal suyo. Cuando el usuario se encuentre navegando por las p\u00e1ginas web de BlaClinic (Cristina Ruiz Alhama) el servidor donde se encuentra alojada reconoce autom\u00e1ticamente la direcci\u00f3n IP de su ordenador, el d\u00eda y la hora en la que comienza la visita, en la que abandona la visita, as\u00ed como informaci\u00f3n sobre las distintas secciones consultadas. Es necesario que el servidor conozca estos datos para poder comunicarse y enviarle la petici\u00f3n realizada y que a trav\u00e9s del navegador se pueda ver en la pantalla. No elaborando perfiles en ning\u00fan caso. El usuario podr\u00e1 eliminar las cookies de su ordenador en cualquier momento.<\/span><\/p>\n<p style=\"color: var(--awb-color2); font-size: 14px;\" data-fusion-font=\"true\"><span style=\"font-weight: normal;\">B.- BlaClinic (Cristina Ruiz Alhama) podr\u00e1 modificar, sin previo aviso, la informaci\u00f3n contenida en su sitio web, as\u00ed como su configuraci\u00f3n y presentaci\u00f3n.<\/span><\/p>\n<p style=\"color: var(--awb-color2); font-size: 14px;\" data-fusion-font=\"true\"><span style=\"font-weight: normal;\">C.- BlaClinic (Cristina Ruiz Alhama) no se hace responsable del incumplimiento de cualquier norma aplicable en que pueda incurrir el usuario en su acceso al sitio web y\/o en el uso de las informaciones contenidas en el mismo.<\/span><\/p>\n<p style=\"color: var(--awb-color2); font-size: 14px;\" data-fusion-font=\"true\"><span style=\"font-weight: normal;\">\u00a9 \u00ae Este texto est\u00e1 protegido por el derecho de autor y copyright, reserv\u00e1ndonos la posibilidad de llevar a cabo acciones legales en caso de su uso sin la correspondiente autorizaci\u00f3n.<\/span><\/p><\/p>\n<\/div><\/div><\/div><\/div><\/div>","protected":false},"excerpt":{"rendered":"","protected":false},"author":2,"featured_media":0,"parent":0,"menu_order":0,"comment_status":"closed","ping_status":"closed","template":"","meta":{"_joinchat":[],"footnotes":""},"class_list":["post-1766","page","type-page","status-publish","hentry"],"yoast_head":"<!-- This site is optimized with the Yoast SEO plugin v27.2 - https:\/\/yoast.com\/product\/yoast-seo-wordpress\/ -->\n<title>Aviso Legal - BlaClinic<\/title>\n<meta name=\"robots\" content=\"index, follow, max-snippet:-1, max-image-preview:large, max-video-preview:-1\" \/>\n<link rel=\"canonical\" href=\"https:\/\/www.blaclinic.com\/index.php\/aviso-legal\/\" \/>\n<meta property=\"og:locale\" content=\"es_ES\" \/>\n<meta property=\"og:type\" content=\"article\" \/>\n<meta property=\"og:title\" content=\"Aviso Legal - BlaClinic\" \/>\n<meta property=\"og:url\" content=\"https:\/\/www.blaclinic.com\/index.php\/aviso-legal\/\" \/>\n<meta property=\"og:site_name\" content=\"BlaClinic\" \/>\n<meta property=\"article:modified_time\" content=\"2025-10-21T11:05:50+00:00\" \/>\n<meta name=\"twitter:card\" content=\"summary_large_image\" \/>\n<meta name=\"twitter:label1\" content=\"Tiempo de lectura\" \/>\n\t<meta name=\"twitter:data1\" content=\"3 minutos\" \/>\n<script type=\"application\/ld+json\" class=\"yoast-schema-graph\">{\"@context\":\"https:\/\/schema.org\",\"@graph\":[{\"@type\":\"WebPage\",\"@id\":\"https:\/\/www.blaclinic.com\/index.php\/aviso-legal\/\",\"url\":\"https:\/\/www.blaclinic.com\/index.php\/aviso-legal\/\",\"name\":\"Aviso Legal - BlaClinic\",\"isPartOf\":{\"@id\":\"https:\/\/www.blaclinic.com\/#website\"},\"datePublished\":\"2025-10-21T08:33:30+00:00\",\"dateModified\":\"2025-10-21T11:05:50+00:00\",\"breadcrumb\":{\"@id\":\"https:\/\/www.blaclinic.com\/index.php\/aviso-legal\/#breadcrumb\"},\"inLanguage\":\"es\",\"potentialAction\":[{\"@type\":\"ReadAction\",\"target\":[\"https:\/\/www.blaclinic.com\/index.php\/aviso-legal\/\"]}]},{\"@type\":\"BreadcrumbList\",\"@id\":\"https:\/\/www.blaclinic.com\/index.php\/aviso-legal\/#breadcrumb\",\"itemListElement\":[{\"@type\":\"ListItem\",\"position\":1,\"name\":\"Portada\",\"item\":\"https:\/\/www.blaclinic.com\/\"},{\"@type\":\"ListItem\",\"position\":2,\"name\":\"Aviso Legal\"}]},{\"@type\":\"WebSite\",\"@id\":\"https:\/\/www.blaclinic.com\/#website\",\"url\":\"https:\/\/www.blaclinic.com\/\",\"name\":\"BlaClinic\",\"description\":\"Logopedia Cl\u00ednica\",\"potentialAction\":[{\"@type\":\"SearchAction\",\"target\":{\"@type\":\"EntryPoint\",\"urlTemplate\":\"https:\/\/www.blaclinic.com\/?s={search_term_string}\"},\"query-input\":{\"@type\":\"PropertyValueSpecification\",\"valueRequired\":true,\"valueName\":\"search_term_string\"}}],\"inLanguage\":\"es\"}]}<\/script>\n<!-- \/ Yoast SEO plugin. -->","yoast_head_json":{"title":"Aviso Legal - BlaClinic","robots":{"index":"index","follow":"follow","max-snippet":"max-snippet:-1","max-image-preview":"max-image-preview:large","max-video-preview":"max-video-preview:-1"},"canonical":"https:\/\/www.blaclinic.com\/index.php\/aviso-legal\/","og_locale":"es_ES","og_type":"article","og_title":"Aviso Legal - BlaClinic","og_url":"https:\/\/www.blaclinic.com\/index.php\/aviso-legal\/","og_site_name":"BlaClinic","article_modified_time":"2025-10-21T11:05:50+00:00","twitter_card":"summary_large_image","twitter_misc":{"Tiempo de lectura":"3 minutos"},"schema":{"@context":"https:\/\/schema.org","@graph":[{"@type":"WebPage","@id":"https:\/\/www.blaclinic.com\/index.php\/aviso-legal\/","url":"https:\/\/www.blaclinic.com\/index.php\/aviso-legal\/","name":"Aviso Legal - BlaClinic","isPartOf":{"@id":"https:\/\/www.blaclinic.com\/#website"},"datePublished":"2025-10-21T08:33:30+00:00","dateModified":"2025-10-21T11:05:50+00:00","breadcrumb":{"@id":"https:\/\/www.blaclinic.com\/index.php\/aviso-legal\/#breadcrumb"},"inLanguage":"es","potentialAction":[{"@type":"ReadAction","target":["https:\/\/www.blaclinic.com\/index.php\/aviso-legal\/"]}]},{"@type":"BreadcrumbList","@id":"https:\/\/www.blaclinic.com\/index.php\/aviso-legal\/#breadcrumb","itemListElement":[{"@type":"ListItem","position":1,"name":"Portada","item":"https:\/\/www.blaclinic.com\/"},{"@type":"ListItem","position":2,"name":"Aviso Legal"}]},{"@type":"WebSite","@id":"https:\/\/www.blaclinic.com\/#website","url":"https:\/\/www.blaclinic.com\/","name":"BlaClinic","description":"Logopedia Cl\u00ednica","potentialAction":[{"@type":"SearchAction","target":{"@type":"EntryPoint","urlTemplate":"https:\/\/www.blaclinic.com\/?s={search_term_string}"},"query-input":{"@type":"PropertyValueSpecification","valueRequired":true,"valueName":"search_term_string"}}],"inLanguage":"es"}]}},"_links":{"self":[{"href":"https:\/\/www.blaclinic.com\/index.php\/wp-json\/wp\/v2\/pages\/1766","targetHints":{"allow":["GET"]}}],"collection":[{"href":"https:\/\/www.blaclinic.com\/index.php\/wp-json\/wp\/v2\/pages"}],"about":[{"href":"https:\/\/www.blaclinic.com\/index.php\/wp-json\/wp\/v2\/types\/page"}],"author":[{"embeddable":true,"href":"https:\/\/www.blaclinic.com\/index.php\/wp-json\/wp\/v2\/users\/2"}],"replies":[{"embeddable":true,"href":"https:\/\/www.blaclinic.com\/index.php\/wp-json\/wp\/v2\/comments?post=1766"}],"version-history":[{"count":3,"href":"https:\/\/www.blaclinic.com\/index.php\/wp-json\/wp\/v2\/pages\/1766\/revisions"}],"predecessor-version":[{"id":1873,"href":"https:\/\/www.blaclinic.com\/index.php\/wp-json\/wp\/v2\/pages\/1766\/revisions\/1873"}],"wp:attachment":[{"href":"https:\/\/www.blaclinic.com\/index.php\/wp-json\/wp\/v2\/media?parent=1766"}],"curies":[{"name":"wp","href":"https:\/\/api.w.org\/{rel}","templated":true}]}}